*d. Calculate w(-1).
-6
Let c(h) be the second derivative of h**4/8 + 7*h**3/6 - 9*h**2/2 + 6*h. Let l(q) be the first derivative of c(q). Determine l(-6).
-11
Let w(x) = -3*x + 1. Let s(f) = 16*f - 16. Let h(d) = -s(d) - 5*w(d). Give h(18).
-7
Let g(x) = -1 - 2*x**2 - 6*x - 2*x + 3*x**2 + 2*x. Let c(m) = 4*m + 3. Let t be c(-2). Let d = t - -11. Give g(d).
-1
Let m = 173 + -177. Let n(z) = -z**2 - 5*z - 1. Let r(h) = 1. Let l(o) = -n(o) - 3*r(o). Determine l(m).
-6
Let l(z) = z**3 - 12*z**2 - 7*z - 19. Let r(u) = u - 2. Let q(j) = -l(j) + 5*r(j). Determine q(13).
-4
Let a(b) be the second derivative of -b**3/6 - b**2/2 + 7*b - 6. Give a(-13).
12
Let z(s) = s - 7. Let r(f) = f**3 + 6*f**2 + 5*f + 5. Let t be r(-5). Let v be (2/4)/(t/(-50)). Let w(g) = -2*g - 4. Let j be w(v). Calculate z(j).
-1
Let u(k) = 10*k**2 - 11*k - 3. Let r(q) = 3*q**2 - q. Let v(w) = 3*r(w) - u(w). Calculate v(7).
10
Let v(x) = -13*x**3 + 17*x**2 + 4*x + 1. Let q(w) = 11*w**3 - 16*w**2 - 5*w - 3. Let d(f) = -6*q(f) - 5*v(f). Calculate d(12).
-11
Let u(a) = -2*a + 5. Let c(x) = -x + 4. Let q(t) = -6*c(t) + 5*u(t). Determine q(-1).
5
Let y(d) = d**3 + 6*d**2 + 3*d - 4. Suppose 0 = -3*s + 6. Let u = 6 - s. Suppose -5 = -u*i + 5*i. What is y(i)?
6
Let m = 23 - 21. Let r(q) = q - 2. Let y(f) = -3*f + 6. Let w(z) = m*y(z) + 7*r(z). Give w(-2).
-4
Let g(c) = -c**2 - 5*c - 4. Let i(u) = u**2 - 9*u + 12. Let o be i(3). What is g(o)?
-10
Let k(h) = 2*h - 2. Let o(y) = 2*y - 6. Let d be o(6). Suppose -10 = -d*x + 2. Let a(f) = -2*f + 3. Let p(g) = x*k(g) + 3*a(g). Give p(4).
-3
Let r(s) = s**2 - 8*s + 8. Suppose -21 = 34*d - 37*d. Determine r(d).
1
Suppose 0 = 3*i + 3*t - 15, -3*t + 15 = i - 4*i. Let o(r) = -3*r**2 + 1 + r + 4*r - 3*r + i*r. Determine o(-2).
-15
Let v(o) = -o**2 - 9*o - 8. Suppose 10*j = 14*j - 16. Let h be (-2)/j + (-122)/(-4). Suppose 5*s = w - h, 2*s + 2*s - w = -24. What is v(s)?
10
Suppose 0 = -u + 811 - 809. Let z(r) be the first derivative of -r**2 + 8 - u*r - 1/4*r**4 + 5/3*r**3. What is z(4)?
6
Let l(a) = 1129*a + 1130*a + 9 - 2258*a. Give l(-5).
4
Suppose 5*b = -4*m - 8 + 18, 0 = -2*b + 5*m + 4. Let v(d) = -d - 1. Give v(b).
-3
Let y(v) = v**3 + 3*v**2 - 6*v - 3. Let j be y(-4). Let m(z) = -2*z - 3. Calculate m(j).
-13
Let u(f) = -5*f - 21 + 40 - 12. Calculate u(-5).
32
Suppose 0 = -2*i - 3*c - 13, i + 5*c = 2*i - 13. Let s(j) = 3*j + 3. Let v(u) = 7*u + 7. Let t(g) = i*v(g) + 5*s(g). Calculate t(2).
3
Let g(q) = q**3 - 2*q**2 + q + 1. Let j be g(2). Let x(z) be the first derivative of -z**2 + 2/3*z**3 - 6 + j*z. Determine x(2).
7
Let p(m) = -8 - 3*m + 11 - m - 2. Give p(-5).
21
Suppose -3*x = 4 - 22. Let b(r) = -r**3 + 5*r**2 + 5*r - 1. Calculate b(x).
-7
Let o = -7 - -15. Let x(j) = 3*j + 9. Let r be x(o). Let f(c) = -r*c + 4 - 1 + 36*c. What is f(-3)?
-6
Let h(g) = 113*g**2 + 10*g + 0 - 114*g**2 - 14 - 2. Give h(8).
0
Let g(i) = -31 - 27 - i**2 + 76 - 27 + 13*i. Calculate g(10).
21
Let n(t) = -11*t**3 - 29*t**2 - 10*t + 60. Let c(z) = 6*z**3 + 15*z**2 + 5*z - 32. Let d(k) = -9*c(k) - 5*n(k). Calculate d(-9).
24
Let o(x) = 2 - 5 - 3*x - 4 + 4*x + x**2. Suppose -p = -2*q - 4, 5*p - 2*q = -0*p + 12. Let l = -2 + p. Give o(l).
-7
Let y(k) = k**2 - 3*k - 2. Suppose -5*u + 27 = -3. Suppose 0 = 3*x + m - u - 4, 2*x + 4*m = -10. Determine y(x).
8
Let d = 3 + -4. Let l be (d*3)/((-3)/(-6)). Let f(b) = -5*b**2 - 6*b - 147. Let u(h) = h**2 + h + 31. Let s(v) = 4*f(v) + 19*u(v). Calculate s(l).
-5
Let v(q) = -q**3 - 7*q**2 - 4*q + 6. Let o(j) = -j**3 + 9*j**2 - j + 14. Let p be o(9). Suppose -p*f = 10, -t - 2*t + 3*f - 12 = 0. Determine v(t).
-6
Let w(u) = 19*u**2 - 7*u + 4. Suppose -5*s - p - 27 = -0*p, 3*p = 3*s + 9. Let i(z) = -18*z**2 + 6*z - 3. Let f(n) = s*i(n) - 4*w(n). What is f(-1)?
15
Let l(y) = -4*y + 1. Suppose 7 = -t + 2*t. Suppose 0 = -5*g + z + 29, 0 = 2*g + z - 6 - t. Suppose 13*p = 15*p - g. Calculate l(p).
-11
Let p(m) = 2*m. Let l = 68 - 50. Let c = -21 + l. Give p(c).
-6
Let o(l) be the third derivative of 11*l**4/24 - l**3/6 + l**2. Let h(d) = 3*d + d - 3*d - 2*d. Let w be h(-1). Calculate o(w).
10
Let m(n) = n**3 - 3*n**2 - 2*n + 2. Let j = -136 - -139. What is m(j)?
-4
Let k be -4 - ((-306)/136)/((-3)/(-8)). Let f(v) = -v**3 - v**2 + 2*v - 2. What is f(k)?
-10
Suppose 6 = -5*n + 3*n. Suppose 9*c - 10*c = -29. Let f(t) = -5*t**2 + 4*t**2 + 29 - c - 2*t. What is f(n)?
-3
Let c(x) = -x**2 + 24*x - 22. Let q be c(23). Let d(h) = -26*h**2 + h - 1. Determine d(q).
-26
Suppose 0 = t - 45 + 34. Let h(q) = -6*q**2 - 2*q**3 + q + 3*q**3 + t - 17. What is h(6)?
0
Let u(i) = -i**3 - i**2 - 2*i - 4. Suppose -10 - 2 = 3*d. Let p(k) = k**3 + 2*k + 3. Let z(h) = d*p(h) - 3*u(h). Suppose 4 = -2*v + 8. What is z(v)?
0
Suppose 0*r = 4*r - 12. Let x(l) be the first derivative of -2*l**3/3 + 2*l**2 - 2*l - 3. Calculate x(r).
-8
Let b(a) = 21*a - 2. Let g = 577 + -575. What is b(g)?
40
Let j(f) be the first derivative of -f**3/3 - 7*f**2/2 - 5*f + 482. Calculate j(-6).
1
Let z(i) = -3*i + 4. Let t be 12/(-3 + 6) + 2. Suppose -t = -18*n + 20*n. Give z(n).
13
Let g(s) = s**3 - 6*s**2 - 2*s + 9. Let d be 2/(-3)*(-12 - (-6 + 3)). Let w be g(d). Let r(x) = -x**2 - 2*x - 1. Determine r(w).
-4
Suppose 54*h = -29 + 83. Let b(q) = -26*q**2 - 6. Let l(p) = 26*p**2 + 5. Let v(d) = 4*b(d) + 5*l(d). What is v(h)?
27
Let k(q) = 5*q. Let c be (-41)/(533/52) - 1*3. What is k(c)?
-35
Let i(c) = 41*c**2 - c - 19*c**2 - 15*c**2 - 13*c**2 - 1. What is i(-1)?
-6
Let f be (-3 - -8) + 1*-2. Suppose -3*k - 5*p = 9, 0*k - 3 = k + f*p. Let j(n) = n**2 - 3*n**2 - 2*n - 2*n - 1. Determine j(k).
-7
Suppose 2*h + 0*b + 5*b = 24, -4*h + 12 = b. Let v(k) = 9*k**h + 5*k**2 - 13*k**2. Determine v(2).
4
Let r(d) be the first derivative of 1/2*d**3 - 1/60*d**5 - 7/2*d**2 + 1/12*d**4 + 0*d + 6. Let i(l) be the second derivative of r(l). What is i(4)?
-5
Let t(a) = -3*a**2 - 1. Let u = -60 - -62. Suppose n + 6 = 2*i, -u = i - 0*n + 2*n. Determine t(i).
-13
Suppose 4 = 9*y - 23. Let w(v) = -5 - 5*v + y*v + v. What is w(4)?
-9
Let z(b) be the first derivative of b**5/20 - 5*b**4/24 - 8*b**3/3 + 3. Let x(h) be the third derivative of z(h). Give x(4).
19
Let k(p) = 10 + 2*p**2 - 16*p - 3*p**2 + 43*p - 23*p + 11. What is k(7)?
0
Let b(w) = -w**3 + 8*w**2 + 7*w + 21. Let v(s) = -s**3 + 9*s**2 + 8*s + 25. Let q(d) = -7*b(d) + 6*v(d). Determine q(2).
1
Let n(g) = 5*g + 1. Suppose 0 = -2*r - 10 - 2. Let f be (-12)/18 + (-16)/r. Suppose 0 = 2*m - o + f, -o = 2*m + 3*m - 9. Determine n(m).
6
Let m(j) = -j**2 - 16*j - 21. Let r = -1394 - -1380. Give m(r).
7
Let n(v) = 3*v - 4. Let w = -3 - 17. Let u be ((-5)/10)/(2/w). Determine n(u).
11
Let h(r) = 4 - 11 + 3*r**2 + 4 + 1. Calculate h(-3).
25
Let i(z) be the first derivative of -z**4/6 - z**3/2 + z**2 - 16*z - 11. Let q(u) be the first derivative of i(u). Give q(-3).
-7
Let f(o) = -16*o + 7. Let g(z) = 168*z - 76. Let y(n) = 32*f(n) + 3*g(n). Give y(-3).
20
Let z(u) = -7*u + 3. Suppose -5*v - p = 3*p + 58, 5*p = v + 29. Let s be 3*v/(-6) - -2. Suppose -s = -3*o - 0. Give z(o).
-18
Let w(v) = -v**3 - 10*v**2 - 2*v - 15. Let i be 30/(-4) + 40/(-16). Calculate w(i).
5
Let i(p) = -p - 4. Let y be i(-3). Let u(k) = -60*k + 25. Let v(j) = -5*j + 2. Suppose 175 = -7*c - 0*c. Let o(s) = c*v(s) + 2*u(s). Calculate o(y).
-5
Let g(q) = -16 + q**2 + 24*q**3 + 12*q + 23*q**3 - 12*q - 48*q**3. What is g(0)?
-16
Let m(r) = r**2 + 22*r + 20. Suppose 43 - 505 = 22*c. What is m(c)?
-1
Let q(m) = -13*m**2 + 4. Let z(i) = 7*i**2 - 2. Let p(n) = -6*q(n) - 11*z(n). Let g = 7 - 4. Determine p(g).
7
Let g(r) be the first derivative of -r**5/120 - r**4/24 + r**3/3 + 1. Let y(k) be the third derivative of g(k). Let n be 26/52 - (-7)/(-2). Determine y(n).
2
Let s be (-6 + 405/10)/((-3)/(-8)). Let k = 92 - s. Let m(y) be the second derivative of y**5/20 - y**3/6 - y**2/2 - y. Calculate m(k).
-1
Let l = 31 - 19. Let g(k) = -k**2 + 12*k. Let n be g(l). Suppose d - 2 = f, 6 = f - n*f + 3*d. Let j(a) = a**3 - a**2 + a. Calculate j(f).
0
Let p = -1 - -5. Suppose y + 16 = -y + 4*c, p*c - 16 = 3*y. Let q(i) = -9 + 2*i**2 - 3*i**2 + i**2 - i**2. Determine q(y).
-9
Let g(i) = 4*i**2 - 2*i - 3. Let j(q) = 7*q**2 - 4*q - 7. Let p(a) = -5*g(a) + 3*j(a). What is p(5)?
9
Let z(y) be the third der